Is 13515 a multiple of 8?
False
Is 59 a factor of 813?
False
Is 10239 a multiple of 4?
False
Does 10 divide 1590?
True
Is 305 a multiple of 48?
False
Is 56 a multiple of 4?
True
Does 31 divide 14012?
True
Does 5 divide 272?
False
Does 9 divide 774?
True
Is 384 a multiple of 9?
False
Is 576 a multiple of 12?
True
Is 512 a multiple of 14?
False
Does 13 divide 84383?
True
Does 24 divide 16896?
True
Does 13 divide 87336?
False
Does 94 divide 2056?
False
Is 22 a factor of 66?
True
Is 42 a factor of 873?
False
Does 29 divide 16966?
False
Is 94 a factor of 706?
False
Is 225 a multiple of 9?
True
Does 20 divide 65622?
False
Is 69 a factor of 2208?
True
Is 507 a multiple of 13?
True
Is 18 a factor of 10620?
True
Is 13 a factor of 28600?
True
Is 20835 a multiple of 48?
False
Does 8 divide 3686?
False
Does 2 divide 101?
False
Does 2 divide 474?
True
Is 37 a factor of 2812?
True
Is 60014 a multiple of 37?
True
Is 1027 a multiple of 6?
False
Is 2579 a multiple of 203?
False
Does 71 divide 2201?
True
Is 953 a multiple of 6?
False
Does 51 divide 36296?
False
Does 7 divide 8703?
False
Is 8 a factor of 25920?
True
Is 107200 a multiple of 400?
True
Does 12 divide 83877?
False
Is 43 a factor of 4816?
True
Does 17 divide 27272?
False
Is 9 a factor of 918?
True
Does 11 divide 12278?
False
Is 2316 a multiple of 4?
True
Does 32 divide 5101?
False
Is 60 a factor of 46226?
False
Does 35 divide 6720?
True
Is 5395 a multiple of 13?
True
Is 102 a multiple of 62?
False
Does 28 divide 21969?
False
Is 134 a factor of 3442?
False
Does 76 divide 12388?
True
Does 7 divide 3253?
False
Does 4 divide 19274?
False
Is 25018 a multiple of 278?
False
Does 37 divide 913?
False
Does 6 divide 537?
False
Is 324 a multiple of 27?
True
Is 12 a factor of 1284?
True
Is 16252 a multiple of 9?
False
Is 41 a factor of 287?
True
Does 6 divide 719?
False
Does 23 divide 1322?
False
Is 2999 a multiple of 29?
False
Is 319 a multiple of 2?
False
Does 15 divide 18600?
True
Is 30 a factor of 853?
False
Is 8190 a multiple of 32?
False
Is 7040 a multiple of 157?
False
Is 45 a factor of 2824?
False
Is 35310 a multiple of 10?
True
Is 14 a factor of 14760?
False
Is 7 a factor of 378?
True
Does 16 divide 2496?
True
Is 9792 a multiple of 32?
True
Does 13 divide 1118?
True
Is 2526 a multiple of 12?
False
Is 225 a factor of 116397?
False
Is 22 a factor of 2838?
True
Is 2430 a multiple of 72?
False
Is 24 a factor of 3751?
False
Is 12 a factor of 396?
True
Is 10803 a multiple of 10?
False
Is 81 a factor of 798?
False
Does 15 divide 1320?
True
Does 17 divide 119?
True
Does 4 divide 13613?
False
Is 6 a factor of 15222?
True
Is 16 a factor of 1539?
False
Is 2257 a multiple of 39?
False
Is 4 a factor of 177?
False
Is 13 a factor of 234?
True
Is 9 a factor of 36?
True
Is 15 a factor of 5910?
True
Does 44 divide 3872?
True
Does 89 divide 10500?
False
Is 912 a multiple of 8?
True
Does 83 divide 42330?
True
Is 25053 a multiple of 21?
True
Does 58 divide 464?
True
Does 203 divide 11223?
False
Does 71 divide 710?
True
Is 8 a factor of 579?
False
Does 29 divide 219?
False
Does 10 divide 720?
True
Is 11 a factor of 454?
False
Is 81 a multiple of 9?
True
Is 14 a factor of 21060?
False
Is 28 a factor of 4387?
False
Is 180 a multiple of 90?
True
Does 32 divide 121?
False
Is 16 a factor of 161008?
True
Is 2236 a multiple of 27?
False
Does 16 divide 125?
False
Is 118 a multiple of 7?
False
Does 11 divide 142?
False
Does 19 divide 438?
False
Does 225 divide 68850?
True
Does 109 divide 763?
True
Is 2989 a multiple of 52?
False
Is 5 a factor of 136?
False
Does 12 divide 2232?
True
Does 66 divide 5753?
False
Is 109 a factor of 3379?
True
Is 924 a multiple of 14?
True
Does 10 divide 1140?
True
Is 15 a factor of 3336?
False
Is 24702 a multiple of 23?
True
Is 7 a factor of 28?
True
Is 62 a factor of 458?
False
Is 4 a factor of 70?
False
Is 44491 a multiple of 19?
False
Is 93 a factor of 260?
False
Does 22 divide 27520?
False
Is 19 a factor of 7132?
False
Is 17680 a multiple of 40?
True
Is 9204 a multiple of 3?
True
Does 18 divide 864?
True
Is 43 a factor of 55771?
True
Does 23 divide 3864?
True
Does 3 divide 188?
False
Does 10 divide 890?
True
Is 832 a multiple of 13?
True
Is 675 a multiple of 7?
False
Does 27 divide 675?
True
Does 153 divide 11322?
True
Does 48 divide 4305?
False
Is 15 a factor of 42629?
False
Is 63 a multiple of 21?
True
Does 31 divide 1378?
False
Is 23463 a multiple of 99?
True
Is 717 a multiple of 4?
False
Is 5 a factor of 249?
False
Is 99 a factor of 594?
True
Is 35 a factor of 79?
False
Is 388 a multiple of 20?
False
Is 2565 a multiple of 15?
True
Is 106 a multiple of 2?
True
Is 10 a factor of 6753?
False
Does 207 divide 3893?
False
Is 35 a factor of 2520?
True
Does 25 divide 54782?
False
Is 104 a factor of 2343?
False
Is 2374 a multiple of 47?
False
Is 3 a factor of 35?
False
Is 23 a factor of 1348?
False
Does 46 divide 1242?
True
Is 4 a factor of 17320?
True
Is 292 a multiple of 15?
False
Is 50 a factor of 329?
False
Is 2 a factor of 789?
False
Is 19 a factor of 11913?
True
Does 15 divide 2175?
True
Is 22 a factor of 40779?
False
Does 108 divide 10144?
False
Is 535 a multiple of 5?
True
Is 16 a factor of 2400?
True
Does 17 divide 488?
False
Is 990 a multiple of 15?
True
Is 185 a multiple of 46?
False
Is 1005 a multiple of 5?
True
Is 28 a factor of 2604?
True
Is 11435 a multiple of 122?
False
Is 71 a multiple of 7?
False
Is 4617 a multiple of 30?
False
Is 11088 a multiple of 12?
True
Is 1342 a multiple of 22?
True
Does 18 divide 1987?
False
Is 55 a factor of 550?
True
Is 198 a multiple of 74?
False
Does 75 divide 31725?
True
Is 11866 a multiple of 34?
True
Is 14 a factor of 2028?
False
Is 2140 a multiple of 43?
False
Is 53 a factor of 47953?
False
Does 30 divide 137158?
False
Is 16 a factor of 3520?
True
Is 81320 a multiple of 366?
False
Is 9 a factor of 19132?
False
Does 49 divide 4851?
True
Does 3 divide 780?
True
Is 847 a multiple of 5?
False
Does 64 divide 21824?
True
Is 81185 a multiple of 9?
False
Is 848 a multiple of 6?
False
Does 13 divide 359?
False
Is 24 a factor of 22167?
False
Is 46 a factor of 10534?
True
Does 5 divide 335?
True
Is 36 a factor of 2633?
False
Is 889 a multiple of 30?
False
Is 22559 a multiple of 40?
False
Does 79 divide 21288?
False
Is 17 a factor of 64951?
False
Is 335 a multiple of 10?
False
Is 5 a factor of 1500?
True
Does 109 divide 9483?
True
Does 15 divide 20?
False
Is 4726 a multiple of 221?
False
Is 14 a factor of 196?
True
Does 10 divide 180?
True
Is 30236 a multiple of 15?
False
Does 13 divide 1222?
True
Is 167 a factor of 40080?
True
Is 30 a factor of 1260?
True
Does 234 divide 69011?
False
Is 4 a factor of 6756?
True
Is 4761 a multiple of 9?
True
Does 18 divide 2970?
True
Is 28 a factor of 9072?
True
Is 29 a factor of 150?
False
Is 3508 a multiple of 46?
False
Does 27 divide 81?
True
Is 943 a multiple of 8?
False
Does 14 divide 7910?
True
Is 38 a factor of 456?
True
Is 124 a factor of 322?
False
Is 59422 a multiple of 223?
False
Is 30941 a multiple of 13?
False
Is 49 a factor of 751?
False
Is 29866 a multiple of 7?
False
Does 78 divide 1579?
False
Is 42 a multiple of 5?
False
Does 68 divide 795?
False
Is 13923 a multiple of 17?
True
Is 31 a factor of 8763?
False
Is 127 a factor of 3048?
True
Is 449 a multiple of 9?
False
Is 43 a factor of 5057?
False
Is 14 a factor of 439?
False
Is 187 a multiple of 10?
False
Does 41 divide 23005?
False
Does 236 divide 87556?
True
Does 135 divide 4185?
True
Does 294 divide 27388?
False
Does 118 divide 2596?
True
Is 319 a factor of 2871?
True
Does 46 divide 4600?
True
Is 17 a factor of 3001?
False
Is 8 a factor of 1580?
False
Does 6 divide 14576?
False
Does 39 divide 390?
True
Is 92 a factor of 8096?
True
Is 22 a factor of 7194?
True
Does 78 divide 1383?
False
Is 6 a factor of 89934?
True
Is 19 a factor of 1467?
False
Is 183 a factor of 8235?
True
Is 298 a multiple of 16?
False
Is 15 a factor of 2083?
False
Is 26 a factor of 864?
False
Is 86 a multiple of 86?
True
Is 3244 a multiple of 2?
True
Is 110 even?
True
Is 85 a multiple of 2?
False
Does 20 divide 24729?
False
Does 9 divide 343?
False
Is 232 a factor of 31088?
True
Is 10 a factor of 2880?
True
Is 159 a factor of 8427?
True
Does 3 divide 546?
True
Does 34 divide 3867?
False
Is 10